, 3, 2957
List the prime factors of 17733.
3, 23, 257
What are the prime factors of 749?
7, 107
List the prime factors of 3790.
2, 5, 379
What are the prime factors of 40665?
3, 5, 2711
List the prime factors of 16431.
3, 5477
What are the prime factors of 944?
2, 59
What are the prime factors of 21368?
2, 2671
What are the prime factors of 128798?
2, 64399
What are the prime factors of 1025?
5, 41
What are the prime factors of 4550?
2, 5, 7, 13
List the prime factors of 23263.
43, 541
List the prime factors of 1791.
3, 199
What are the prime factors of 1171?
1171
List the prime factors of 27409.
27409
List the prime factors of 35276.
2, 8819
What are the prime factors of 22408?
2, 2801
What are the prime factors of 17379?
3, 1931
What are the prime factors of 498?
2, 3, 83
What are the prime factors of 2220?
2, 3, 5, 37
What are the prime factors of 3066?
2, 3, 7, 73
List the prime factors of 2365.
5, 11, 43
What are the prime factors of 6471?
3, 719
What are the prime factors of 6696?
2, 3, 31
What are the prime factors of 195?
3, 5, 13
List the prime factors of 69576.
2, 3, 13, 223
What are the prime factors of 11487?
3, 7, 547
List the prime factors of 46072.
2, 13, 443
What are the prime factors of 14956?
2, 3739
What are the prime factors of 2729?
2729
List the prime factors of 1141.
7, 163
List the prime factors of 8626.
2, 19, 227
What are the prime factors of 76822?
2, 71, 541
List the prime factors of 895.
5, 179
List the prime factors of 36450.
2, 3, 5
List the prime factors of 760.
2, 5, 19
What are the prime factors of 84?
2, 3, 7
What are the prime factors of 25305?
3, 5, 7, 241
What are the prime factors of 31772?
2, 13, 47
List the prime factors of 855.
3, 5, 19
List the prime factors of 16328.
2, 13, 157
List the prime factors of 28457.
11, 13, 199
What are the prime factors of 40778?
2, 20389
What are the prime factors of 13765?
5, 2753
List the prime factors of 3354.
2, 3, 13, 43
What are the prime factors of 12811?
23, 557
What are the prime factors of 335?
5, 67
List the prime factors of 1668.
2, 3, 139
List the prime factors of 48152.
2, 13, 463
What are the prime factors of 3578?
2, 1789
What are the prime factors of 29709?
3, 3301
What are the prime factors of 6480?
2, 3, 5
List the prime factors of 716.
2, 179
What are the prime factors of 20846?
2, 7, 1489
What are the prime factors of 11359?
37, 307
List the prime factors of 3929.
3929
What are the prime factors of 63?
3, 7
What are the prime factors of 13189?
11, 109
What are the prime factors of 11072?
2, 173
List the prime factors of 21640.
2, 5, 541
List the prime factors of 32464.
2, 2029
What are the prime factors of 369?
3, 41
List the prime factors of 21828.
2, 3, 17, 107
List the prime factors of 8738.
2, 17, 257
What are the prime factors of 974?
2, 487
What are the prime factors of 3583?
3583
List the prime factors of 15827.
7, 17, 19
What are the prime factors of 69900?
2, 3, 5, 233
What are the prime factors of 1433?
1433
List the prime factors of 19224.
2, 3, 89
List the prime factors of 295.
5, 59
What are the prime factors of 66358?
2, 33179
List the prime factors of 66878.
2, 7, 17, 281
List the prime factors of 123.
3, 41
List the prime factors of 560.
2, 5, 7
What are the prime factors of 11333?
7, 1619
List the prime factors of 1278.
2, 3, 71
List the prime factors of 3816.
2, 3, 53
List the prime factors of 27688.
2, 3461
List the prime factors of 8546.
2, 4273
What are the prime factors of 67152?
2, 3, 1399
List the prime factors of 1736.
2, 7, 31
What are the prime factors of 6949?
6949
List the prime factors of 35895.
3, 5, 2393
What are the prime factors of 740?
2, 5, 37
List the prime factors of 23334.
2, 3, 3889
List the prime factors of 92784.
2, 3, 1933
What are the prime factors of 5834?
2, 2917
List the prime factors of 3017.
7, 431
What are the prime factors of 24137?
24137
List the prime factors of 1171.
1171
List the prime factors of 2240.
2, 5, 7
What are the prime factors of 325?
5, 13
What are the prime factors of 15310?
2, 5, 1531
List the prime factors of 279.
3, 31
List the prime factors of 2735.
5, 547
What are the prime factors of 43323?
3, 7, 2063
What are the prime factors of 3329?
3329
What are the prime factors of 902?
2, 11, 41
List the prime factors of 4350.
2, 3, 5, 29
What are the prime factors of 3039?
3, 1013
What are the prime factors of 377?
13, 29
List the prime factors of 345.
3, 5, 23
List the prime factors of 14953.
19, 787
What are the prime factors of 7020?
2, 3, 5, 13
List the prime factors of 626.
2, 313
What are the prime factors of 1311?
3, 19, 23
What are the prime factors of 92?
2, 23
What are the prime factors of 8027?
23, 349
List the prime factors of 25817.
11, 2347
List the prime factors of 1115.
5, 223
List the prime factors of 20056.
2, 23, 109
What are the prime factors of 2099?
2099
List the prime factors of 14945.
5, 7, 61
What are the prime factors of 2491?
47, 53
List the prime factors of 107238.
2, 3, 61, 293
What are the prime factors of 6797?
7, 971
List the prime factors of 9609.
3, 3203
What are the prime factors of 4235?
5, 7, 11
List the prime factors of 401.
401
List the prime factors of 16130.
2, 5, 1613
List the prime factors of 18463.
37, 499
List the prime factors of 70101.
3, 7789
List the prime factors of 62809.
107, 587
What are the prime factors of 6361?
6361
What are the prime factors of 32621?
32621
What are the prime factors of 6663?
3, 2221
What are the prime factors of 6346?
2, 19, 167
What are the prime factors of 3034?
2, 37, 41
List the prime factors of 80297.
7, 11471
List the prime factors of 47599.
47599
What are the prime factors of 385?
5, 7, 11
What are the prime factors of 1501?
19, 79
List the prime factors of 2651.
11, 241
What are the prime factors of 1536?
2, 3
List the prime factors of 663.
3, 13, 17
What are the prime factors of 1132?
2, 283
List the prime factors of 1347.
3, 449
List the prime factors of 55300.
2, 5, 7, 79
What are the prime factors of 12610?
2, 5, 13, 97
List the prime factors of 55687.
233, 239
What are the prime factors of 540?
2, 3, 5
List the prime factors of 7851.
3, 2617
What are the prime factors of 3697?
3697
List the prime factors of 87061.
13, 37, 181
What are the prime factors of 1290?
2, 3, 5, 43
What are the prime factors of 2599?
23, 113
List the prime factors of 24280.
2, 5, 607
What are the prime factors of 1247?
29, 43
What are the prime factors of 28?
2, 7
What are the prime factors of 618?
2, 3, 103
What are the prime factors of 96?
2, 3
List the prime factors of 226.
2, 113
What are the prime factors of 675?
3, 5
What are the prime factors of 135363?
3, 45121
List the prime factors of 5642.
2, 7, 13, 31
List the prime factors of 3457.
3457
What are the prime factors of 20076?
2, 3, 7, 239
What are the prime factors of 18576?
2, 3, 43
List the prime factors of 23109.
3, 7703
List the prime factors of 1801.
1801
List the prime factors of 4135.
5, 827
What are the prime factors of 22428?
2, 3, 7, 89
What are the prime factors of 1081?
23, 47
List the prime factors of 9459.
3, 1051
What are the prime factors of 4802?
2, 7
List the prime factors of 29584.
2, 43
List the prime factors of 934.
2, 467
What are the prime factors of 15925?
5, 7, 13
List the prime factors of 4876.
2, 23, 53
List the prime factors of 439.
439
What are the prime factors of 904?
2, 113
What are the prime factors of 28776?
2, 3, 11, 109
List the prime factors of 10720.
2, 5, 67
List the prime factors of 722.
2, 19
List the prime factors of 3004.
2, 751
List the prime factors of 1684.
2, 421
List the prime factors of 1665.
3, 5, 37
List the prime factors of 229.
229
List the prime factors of 164895.
3, 5, 10993
List the prime factors of 106.
2, 53
List the prime factors of 4082.
2, 13, 157
What are the prime factors of 43533?
3, 7, 691
List the prime factors of 28914.
2, 3, 61, 79
What are the prime factors of 831?
3, 277
List the prime factors of 19970.
2, 5, 1997
What are the prime factors of 3694?
2, 1847
List the prime factors of 4270.
2, 5, 7, 61
What are the prime factors of 1057?
7, 151
List the prime factors of 713.
23, 31
What are the prime factors of 1643?
31, 53
What are the prime factors of 246?
2, 3, 41
List the prime factors of 53